{"id":328,"date":"2010-11-09T19:32:54","date_gmt":"2010-11-09T19:32:54","guid":{"rendered":"http:\/\/veehool.ee\/koduleht\/?p=328"},"modified":"2017-03-09T08:39:12","modified_gmt":"2017-03-09T06:39:12","slug":"2010-2","status":"publish","type":"page","link":"http:\/\/preisor.veehool.ee\/?page_id=328","title":{"rendered":"2010"},"content":{"rendered":"<p>&#8211; Anne kanali puhastamine veetaimedest<br \/>\n&#8211; Keila j\u00f5e l\u00f5igu puhastamine (<a href=\"http:\/\/preisor.veehool.ee\/?p=337\">vaata<\/a>)<br \/>\n&#8211; Rakvere linna tiikide puhastamine veetaimedest (<a href=\"http:\/\/preisor.veehool.ee\/?p=342\">vaata<\/a>)<br \/>\n&#8211; Hooldus-koristust\u00f6\u00f6d Loksa rannaalal<br \/>\n&#8211; Alatskivi paisj\u00e4rve puhastamine (<a href=\"http:\/\/preisor.veehool.ee\/?p=354\">vaata<\/a>)<br \/>\n&#8211; Suure-Jaani paisj\u00e4rve puhastamine (<a href=\"http:\/\/preisor.veehool.ee\/?p=350\">vaata<\/a>)<br \/>\n&#8211; Haljala aleviku tiikide puhastamine<br \/>\n&#8211; Rannikul\u00f5ugaste puhastamine L\u00e4\u00e4nemaal (<a href=\"http:\/\/preisor.veehool.ee\/?p=363\">vaata<\/a>)<br \/>\n&#8211; Niitmist\u00f6\u00f6d P\u00f5lva paisj\u00e4rvel,\u00a0 v\u00e4ikej\u00e4rvedel ning tiikidel<br \/>\n&#8211; Biotiikide puhastamine setetest<\/p>\n","protected":false},"excerpt":{"rendered":"<p>&#8211; Anne kanali puhastamine veetaimedest &#8211; Keila j\u00f5e l\u00f5igu puhastamine (vaata) &#8211; Rakvere linna tiikide puhastamine veetaimedest (vaata) &#8211; Hooldus-koristust\u00f6\u00f6d Loksa rannaalal &#8211; Alatskivi paisj\u00e4rve puhastamine (vaata) &#8211; Suure-Jaani paisj\u00e4rve puhastamine (vaata) &#8211; Haljala&#46;&#46;&#46;<\/p>\n","protected":false},"author":1,"featured_media":1195,"parent":0,"menu_order":6,"comment_status":"closed","ping_status":"closed","template":"","meta":{"_exactmetrics_skip_tracking":false,"_exactmetrics_sitenote_active":false,"_exactmetrics_sitenote_note":"","_exactmetrics_sitenote_category":0,"footnotes":""},"class_list":["post-328","page","type-page","status-publish","has-post-thumbnail","hentry"],"_links":{"self":[{"href":"http:\/\/preisor.veehool.ee\/index.php?rest_route=\/wp\/v2\/pages\/328","targetHints":{"allow":["GET"]}}],"collection":[{"href":"http:\/\/preisor.veehool.ee\/index.php?rest_route=\/wp\/v2\/pages"}],"about":[{"href":"http:\/\/preisor.veehool.ee\/index.php?rest_route=\/wp\/v2\/types\/page"}],"author":[{"embeddable":true,"href":"http:\/\/preisor.veehool.ee\/index.php?rest_route=\/wp\/v2\/users\/1"}],"replies":[{"embeddable":true,"href":"http:\/\/preisor.veehool.ee\/index.php?rest_route=%2Fwp%2Fv2%2Fcomments&post=328"}],"version-history":[{"count":8,"href":"http:\/\/preisor.veehool.ee\/index.php?rest_route=\/wp\/v2\/pages\/328\/revisions"}],"predecessor-version":[{"id":1671,"href":"http:\/\/preisor.veehool.ee\/index.php?rest_route=\/wp\/v2\/pages\/328\/revisions\/1671"}],"wp:featuredmedia":[{"embeddable":true,"href":"http:\/\/preisor.veehool.ee\/index.php?rest_route=\/wp\/v2\/media\/1195"}],"wp:attachment":[{"href":"http:\/\/preisor.veehool.ee\/index.php?rest_route=%2Fwp%2Fv2%2Fmedia&parent=328"}],"curies":[{"name":"wp","href":"https:\/\/api.w.org\/{rel}","templated":true}]}}