{"id":293,"date":"2009-11-24T18:46:16","date_gmt":"2009-11-24T18:46:16","guid":{"rendered":"http:\/\/veehool.ee\/koduleht\/?p=293"},"modified":"2017-03-09T08:55:44","modified_gmt":"2017-03-09T06:55:44","slug":"varasemad-toeoed","status":"publish","type":"page","link":"http:\/\/preisor.veehool.ee\/?page_id=293","title":{"rendered":"Varasemad t\u00f6\u00f6d"},"content":{"rendered":"<p>&#8211; Kernu vallas Haiba tiigi puhastamine (<a href=\"http:\/\/preisor.veehool.ee\/?p=302\">vaata<\/a>)<br \/>\n&#8211; T\u00f6\u00f6d Kuressaare Lossikraavis ja rannas (<a href=\"http:\/\/preisor.veehool.ee\/?p=307\">vaata<\/a>)<br \/>\n&#8211; Tiikide puhastamine Haljala vallas (<a href=\"http:\/\/preisor.veehool.ee\/?p=314\">vaata<\/a>)<br \/>\n&#8211; Kurtna paisj\u00e4rve puhastamine (<a href=\"http:\/\/preisor.veehool.ee\/?p=321\">vaata<\/a>)<br \/>\n&#8211; Rakvere linna tiikide puhastamine<br \/>\n&#8211; Palmse m\u00f5isatiigi puhastamine veetaimedest<br \/>\n&#8211; V\u00f5handu j\u00f5el niitmist\u00f6\u00f6d (<a href=\"http:\/\/preisor.veehool.ee\/?p=326\">vaata<\/a>)<br \/>\n&#8211; P\u00e4rnu j\u00f5e kalda puhastamine P\u00e4rnu linnas(<a href=\"http:\/\/preisor.veehool.ee\/?p=327\">vaata<\/a>)<\/p>\n","protected":false},"excerpt":{"rendered":"<p>&#8211; Kernu vallas Haiba tiigi puhastamine (vaata) &#8211; T\u00f6\u00f6d Kuressaare Lossikraavis ja rannas (vaata) &#8211; Tiikide puhastamine Haljala vallas (vaata) &#8211; Kurtna paisj\u00e4rve puhastamine (vaata) &#8211; Rakvere linna tiikide puhastamine &#8211; Palmse m\u00f5isatiigi puhastamine&#46;&#46;&#46;<\/p>\n","protected":false},"author":1,"featured_media":847,"parent":0,"menu_order":7,"comment_status":"closed","ping_status":"closed","template":"","meta":{"_exactmetrics_skip_tracking":false,"_exactmetrics_sitenote_active":false,"_exactmetrics_sitenote_note":"","_exactmetrics_sitenote_category":0,"footnotes":""},"class_list":["post-293","page","type-page","status-publish","has-post-thumbnail","hentry"],"_links":{"self":[{"href":"http:\/\/preisor.veehool.ee\/index.php?rest_route=\/wp\/v2\/pages\/293","targetHints":{"allow":["GET"]}}],"collection":[{"href":"http:\/\/preisor.veehool.ee\/index.php?rest_route=\/wp\/v2\/pages"}],"about":[{"href":"http:\/\/preisor.veehool.ee\/index.php?rest_route=\/wp\/v2\/types\/page"}],"author":[{"embeddable":true,"href":"http:\/\/preisor.veehool.ee\/index.php?rest_route=\/wp\/v2\/users\/1"}],"replies":[{"embeddable":true,"href":"http:\/\/preisor.veehool.ee\/index.php?rest_route=%2Fwp%2Fv2%2Fcomments&post=293"}],"version-history":[{"count":8,"href":"http:\/\/preisor.veehool.ee\/index.php?rest_route=\/wp\/v2\/pages\/293\/revisions"}],"predecessor-version":[{"id":1679,"href":"http:\/\/preisor.veehool.ee\/index.php?rest_route=\/wp\/v2\/pages\/293\/revisions\/1679"}],"wp:featuredmedia":[{"embeddable":true,"href":"http:\/\/preisor.veehool.ee\/index.php?rest_route=\/wp\/v2\/media\/847"}],"wp:attachment":[{"href":"http:\/\/preisor.veehool.ee\/index.php?rest_route=%2Fwp%2Fv2%2Fmedia&parent=293"}],"curies":[{"name":"wp","href":"https:\/\/api.w.org\/{rel}","templated":true}]}}